f 7378?
3
What is the units digit of 5943?
3
What is the thousands digit of 1878?
1
What is the hundred thousands digit of 132194?
1
What is the units digit of 36406?
6
What is the units digit of 960?
0
What is the hundreds digit of 33991?
9
What is the thousands digit of 1030?
1
What is the thousands digit of 25111?
5
What is the hundreds digit of 11810?
8
What is the tens digit of 91?
9
What is the units digit of 5414?
4
What is the ten thousands digit of 33446?
3
What is the thousands digit of 11845?
1
What is the hundreds digit of 984?
9
What is the thousands digit of 1876?
1
What is the units digit of 85?
5
What is the tens digit of 2117?
1
What is the tens digit of 31093?
9
What is the hundreds digit of 335?
3
What is the units digit of 8865?
5
What is the units digit of 12592?
2
What is the thousands digit of 3908?
3
What is the tens digit of 118?
1
What is the hundreds digit of 443?
4
What is the units digit of 11101?
1
What is the hundreds digit of 57321?
3
What is the tens digit of 526?
2
What is the tens digit of 156?
5
What is the tens digit of 44928?
2
What is the hundreds digit of 20261?
2
What is the hundreds digit of 26246?
2
What is the hundreds digit of 20258?
2
What is the tens digit of 17568?
6
What is the hundreds digit of 3506?
5
What is the hundreds digit of 80055?
0
What is the tens digit of 394?
9
What is the units digit of 683?
3
What is the units digit of 53383?
3
What is the units digit of 10790?
0
What is the ten thousands digit of 11719?
1
What is the thousands digit of 4362?
4
What is the units digit of 19016?
6
What is the thousands digit of 2065?
2
What is the units digit of 13383?
3
What is the tens digit of 71?
7
What is the thousands digit of 43960?
3
What is the hundreds digit of 1648?
6
What is the units digit of 366?
6
What is the units digit of 5204?
4
What is the hundreds digit of 1647?
6
What is the thousands digit of 2556?
2
What is the thousands digit of 13653?
3
What is the hundreds digit of 30464?
4
What is the tens digit of 329?
2
What is the ten thousands digit of 13256?
1
What is the tens digit of 88391?
9
What is the hundreds digit of 208?
2
What is the units digit of 69?
9
What is the thousands digit of 61075?
1
What is the tens digit of 859?
5
What is the hundreds digit of 18041?
0
What is the tens digit of 1687?
8
What is the hundred thousands digit of 166758?
1
What is the thousands digit of 146674?
6
What is the tens digit of 2618?
1
What is the hundreds digit of 9874?
8
What is the units digit of 157321?
1
What is the units digit of 5332?
2
What is the thousands digit of 4227?
4
What is the hundred thousands digit of 159095?
1
What is the units digit of 5375?
5
What is the hundreds digit of 6392?
3
What is the hundreds digit of 3107?
1
What is the units digit of 27446?
6
What is the tens digit of 1203?
0
What is the tens digit of 90263?
6
What is the units digit of 20303?
3
What is the thousands digit of 24871?
4
What is the units digit of 20339?
9
What is the units digit of 5514?
4
What is the hundreds digit of 1572?
5
What is the hundreds digit of 571?
5
What is the hundreds digit of 809?
8
What is the tens digit of 2272?
7
What is the hundreds digit of 2056?
0
What is the thousands digit of 1928?
1
What is the tens digit of 39099?
9
What is the hundreds digit of 685?
6
What is the units digit of 14951?
1
What is the hundreds digit of 8911?
9
What is the units digit of 2075?
5
What is the units digit of 120?
0
What is the units digit of 2549?
9
What is the thousands digit of 1814?
1
What is the units digit of 2024?
4
What is the hundreds digit of 46752?
7
What is the units digit of 86778?
8
What is the tens digit of 43840?
4
What is the units digit of 3632?
2
What is the units digit of 81553?
3
What is the units digit of 5952?
2
What is the thousands digit of 20061?
0
What is the thousands digit of 6166?
6
What is the tens digit of 826?
2
What is the units digit of 37938?
8
What is the thousands digit of 7796?
7
What is the ten thousands digit of 49902?
4
What is the units digit of 1328?
8
What is the thousands digit of 40294?
0
What is the thousands digit of 20833?
0
What is the ten thousands digit of 17339?
1
What is the hundreds digit of 2123?
1
What is the hundreds digit of 1488?
4
What is the tens digit of 2659?
5
What is the tens digit of 896?
9
What is the thousands digit of 14304?
4
What is the hundreds digit of 12215?
2
What is the hundreds digit of 84027?
0
What is the units digit of 101272?
2
What is the units digit of 21352?
2
What is the units digit of 7311?
1
What is the tens digit of 2113?
1
What is the tens digit of 54883?
8
What is the hundreds digit of 2232?
2
What is the ten thousands digit of 18783?
1
What is the thousands digit of 1640?
1
What is the units digit of 8196?
6
What is the units digit of 1027?
7
What is the thousands digit of 14576?
4
What is the thousands digit of 3063?
3
What is the tens digit of 59951?
5
What is the units digit of 50583?
3
What is the units digit of 1185?
5
What is the units digit of 1291?
1
What is the hundreds digit of 371?
3
What is the hundreds digit of 72567?
5
What is the ten thousands digit of 34896?
3
What is the tens digit of 12737?
3
What is the units digit of 40027?
7
What is the hundreds digit of 47194?
1
What is the tens digit of 52876?
7
What is the thousands digit of 3769?
3
What is the ten thousands digit of 117067?
1
What is the thousands digit of 3981?
3
What is the thousands digit of 2023?
2
What is the tens digit of 50046?
4
What is the thousands digit of 2174?
2
What is the tens digit of 103?
0
What is the tens digit of 917?
1
What is the hundreds digit of 26576?
5
What is the units digit of 104794?
4
What is the ten thousands digit of 27561?
2
What is the units digit of 24012?
2
What is the units digit of 5595?
5
What is the thousands digit of 39063?
9
What is the hundreds digit of 2977?
9
What is the units digit of 74756?
6
What is the tens digit of 5058?
5
What is the thousands digit of 22173?
2
What is the hundreds digit of 1488?
4
What is the thousands digit of 12859?
2
What is the thousands digit of 10078?
0
What is the hundreds digit of 26601?
6
What is the thousands digit of 49516?
9
What is the hundreds digit of 449?
4
What is the hundreds digit of 3160?
1
What is the units digit of 6172?
2
What is the hundreds digit of 79952?
9
What is the tens digit of 18456?
5
What is the thousands digit of 5160?
5
What is the hundred thousands digit of 126074?
1
What is the hundreds digit of 1866?
8
What is the tens digit of 771?
7
What is the units digit of 121?
1
What is the units digit of 2461?
1
What is the ten thousands digit of 10142?
1
What is the hundreds digit of 7930?
9
What is the hundreds digit of 4846?
8
What is the units digit of 6973?
3
What is the units digit of 5473?
3
What is the hundred thousands digit of 172785?
1
What is the tens digit of 408?
0
What is the units digit of 16688?
8
What is the thousands digit of 45159?
5
What is the ten thousands digit of 33261?
3
What is the thousands digit of 2468?
2
What is the thousands digit of 4562?
4
What is the units digit of 25144?
4
What is the ten thousands digit of 12457?
1
What is the hundreds digit of 3104?
1
What is the tens digit of 406?
0
What is the units digit of 3845?
5
What is the thousands digit of 15677?
5
What is the tens digit of 4282?
8
What is the units digit of 1022?
2
What is the units digit of 1628?
8
What is the tens digit of 9600?
0
What is the units digit of 23449?
9
What is the ten thousands digit of 109761?
0
What is the thousands digit of 5781?
5
What is the units digit of 10685?
5
What is the hundreds digit of 513?
5
What is the hundreds digit of 179138?
1
What is the thousands digit of 6467?
6
What is the thousands digit of 3729?
3
What is the ten thousands digit of 48043?
4
What is the units digit of 582?
2
What is the units digit of 59?
9
What is the hundreds digit of 386?
3
What is the tens digit of 724?
2
What is the units digit of 4?
4
What is the hundreds digit of 8980?
9
What is the tens digit of 655?
5
What is the ten thousands digit of 23709?
2
What is the units digit of 526?
6
What is the hundreds digit of 906?
9
What is the units digit of 12037?
7
What is the hundreds digit of 8295?
2
What is the tens digit of 2